{"id":691,"date":"2013-01-17T12:04:54","date_gmt":"2013-01-17T11:04:54","guid":{"rendered":"http:\/\/dev.sot.hu\/?page_id=691"},"modified":"2023-02-22T11:13:18","modified_gmt":"2023-02-22T10:13:18","slug":"testfestes","status":"publish","type":"page","link":"http:\/\/out-side.hu\/?page_id=691","title":{"rendered":"Ajt\u00f3t\u00e1bl\u00e1k,   Dekor\u00e1ci\u00f3,"},"content":{"rendered":"We cannot display this gallery\n","protected":false},"excerpt":{"rendered":"","protected":false},"author":1,"featured_media":0,"parent":663,"menu_order":5,"comment_status":"open","ping_status":"closed","template":"","meta":{"ngg_post_thumbnail":0},"_links":{"self":[{"href":"http:\/\/out-side.hu\/index.php?rest_route=\/wp\/v2\/pages\/691"}],"collection":[{"href":"http:\/\/out-side.hu\/index.php?rest_route=\/wp\/v2\/pages"}],"about":[{"href":"http:\/\/out-side.hu\/index.php?rest_route=\/wp\/v2\/types\/page"}],"author":[{"embeddable":true,"href":"http:\/\/out-side.hu\/index.php?rest_route=\/wp\/v2\/users\/1"}],"replies":[{"embeddable":true,"href":"http:\/\/out-side.hu\/index.php?rest_route=%2Fwp%2Fv2%2Fcomments&post=691"}],"version-history":[{"count":7,"href":"http:\/\/out-side.hu\/index.php?rest_route=\/wp\/v2\/pages\/691\/revisions"}],"predecessor-version":[{"id":1366,"href":"http:\/\/out-side.hu\/index.php?rest_route=\/wp\/v2\/pages\/691\/revisions\/1366"}],"up":[{"embeddable":true,"href":"http:\/\/out-side.hu\/index.php?rest_route=\/wp\/v2\/pages\/663"}],"wp:attachment":[{"href":"http:\/\/out-side.hu\/index.php?rest_route=%2Fwp%2Fv2%2Fmedia&parent=691"}],"curies":[{"name":"wp","href":"https:\/\/api.w.org\/{rel}","templated":true}]}}