{"id":687,"date":"2013-01-17T12:03:45","date_gmt":"2013-01-17T11:03:45","guid":{"rendered":"http:\/\/dev.sot.hu\/?page_id=687"},"modified":"2013-10-28T15:52:25","modified_gmt":"2013-10-28T14:52:25","slug":"film","status":"publish","type":"page","link":"http:\/\/out-side.hu\/?page_id=687","title":{"rendered":"Aut\u00f3 dekor\u00e1ci\u00f3"},"content":{"rendered":"We cannot display this gallery\n","protected":false},"excerpt":{"rendered":"","protected":false},"author":1,"featured_media":0,"parent":663,"menu_order":3,"comment_status":"open","ping_status":"closed","template":"","meta":{"ngg_post_thumbnail":0},"_links":{"self":[{"href":"http:\/\/out-side.hu\/index.php?rest_route=\/wp\/v2\/pages\/687"}],"collection":[{"href":"http:\/\/out-side.hu\/index.php?rest_route=\/wp\/v2\/pages"}],"about":[{"href":"http:\/\/out-side.hu\/index.php?rest_route=\/wp\/v2\/types\/page"}],"author":[{"embeddable":true,"href":"http:\/\/out-side.hu\/index.php?rest_route=\/wp\/v2\/users\/1"}],"replies":[{"embeddable":true,"href":"http:\/\/out-side.hu\/index.php?rest_route=%2Fwp%2Fv2%2Fcomments&post=687"}],"version-history":[{"count":4,"href":"http:\/\/out-side.hu\/index.php?rest_route=\/wp\/v2\/pages\/687\/revisions"}],"predecessor-version":[{"id":1311,"href":"http:\/\/out-side.hu\/index.php?rest_route=\/wp\/v2\/pages\/687\/revisions\/1311"}],"up":[{"embeddable":true,"href":"http:\/\/out-side.hu\/index.php?rest_route=\/wp\/v2\/pages\/663"}],"wp:attachment":[{"href":"http:\/\/out-side.hu\/index.php?rest_route=%2Fwp%2Fv2%2Fmedia&parent=687"}],"curies":[{"name":"wp","href":"https:\/\/api.w.org\/{rel}","templated":true}]}}