{"id":676,"date":"2013-01-17T11:20:38","date_gmt":"2013-01-17T10:20:38","guid":{"rendered":"http:\/\/dev.sot.hu\/?page_id=676"},"modified":"2013-10-28T15:52:03","modified_gmt":"2013-10-28T14:52:03","slug":"vilagito_reklamok","status":"publish","type":"page","link":"http:\/\/out-side.hu\/?page_id=676","title":{"rendered":"Vil\u00e1g\u00edt\u00f3 rekl\u00e1mok"},"content":{"rendered":"We cannot display this gallery\n","protected":false},"excerpt":{"rendered":"","protected":false},"author":1,"featured_media":0,"parent":663,"menu_order":1,"comment_status":"open","ping_status":"closed","template":"","meta":{"ngg_post_thumbnail":0},"_links":{"self":[{"href":"http:\/\/out-side.hu\/index.php?rest_route=\/wp\/v2\/pages\/676"}],"collection":[{"href":"http:\/\/out-side.hu\/index.php?rest_route=\/wp\/v2\/pages"}],"about":[{"href":"http:\/\/out-side.hu\/index.php?rest_route=\/wp\/v2\/types\/page"}],"author":[{"embeddable":true,"href":"http:\/\/out-side.hu\/index.php?rest_route=\/wp\/v2\/users\/1"}],"replies":[{"embeddable":true,"href":"http:\/\/out-side.hu\/index.php?rest_route=%2Fwp%2Fv2%2Fcomments&post=676"}],"version-history":[{"count":8,"href":"http:\/\/out-side.hu\/index.php?rest_route=\/wp\/v2\/pages\/676\/revisions"}],"predecessor-version":[{"id":763,"href":"http:\/\/out-side.hu\/index.php?rest_route=\/wp\/v2\/pages\/676\/revisions\/763"}],"up":[{"embeddable":true,"href":"http:\/\/out-side.hu\/index.php?rest_route=\/wp\/v2\/pages\/663"}],"wp:attachment":[{"href":"http:\/\/out-side.hu\/index.php?rest_route=%2Fwp%2Fv2%2Fmedia&parent=676"}],"curies":[{"name":"wp","href":"https:\/\/api.w.org\/{rel}","templated":true}]}}